on factor of 14844 and 14088?
12
Calculate the highest common factor of 5244109 and 1556.
389
Calculate the highest common divisor of 308868 and 1344.
84
What is the greatest common factor of 21279 and 2646727?
173
What is the highest common factor of 1468 and 747679558?
734
What is the greatest common divisor of 45336056 and 2840?
568
Calculate the highest common divisor of 104 and 50326632.
8
Calculate the highest common factor of 2107 and 19334047.
43
Calculate the greatest common factor of 5472563 and 109.
109
What is the highest common divisor of 3551330 and 30?
10
Calculate the highest common factor of 9887 and 1290777511.
9887
What is the highest common divisor of 7080532 and 1006296?
7292
What is the highest common divisor of 40 and 19799540?
20
Calculate the highest common factor of 274663 and 384056.
787
Calculate the greatest common divisor of 2020 and 45411014.
202
What is the highest common factor of 1323 and 7092981?
189
Calculate the highest common divisor of 280 and 559832840.
280
Calculate the greatest common factor of 8 and 3711713.
1
Calculate the highest common factor of 9 and 5157909.
9
Calculate the highest common divisor of 28 and 351642081.
7
Calculate the greatest common factor of 6765 and 27101943.
1353
Calculate the highest common divisor of 150 and 71016450.
150
What is the greatest common factor of 1552576 and 704?
64
What is the greatest common divisor of 3752 and 794224298?
938
What is the highest common divisor of 302235995 and 26331?
8777
What is the highest common factor of 3836 and 2455712?
28
What is the greatest common divisor of 23981717 and 16696?
2087
What is the greatest common factor of 2546417679 and 39?
39
Calculate the highest common factor of 5 and 590525000.
5
Calculate the greatest common factor of 30356831 and 25915.
5183
Calculate the highest common divisor of 3506 and 19053357.
1753
What is the highest common factor of 1915458 and 12149169?
10761
What is the highest common factor of 102 and 11586520?
34
Calculate the greatest common divisor of 531 and 2906517.
177
What is the greatest common factor of 1659 and 20174637?
21
Calculate the greatest common factor of 5040 and 5270160.
1680
Calculate the highest common factor of 142234355 and 31.
31
What is the greatest common factor of 348239256 and 53?
53
What is the highest common factor of 115 and 409985?
5
What is the greatest common factor of 19280 and 15920?
80
Calculate the highest common factor of 56286784 and 4190.
838
What is the greatest common divisor of 12239048 and 14824?
136
Calculate the highest common divisor of 41528 and 313432.
232
Calculate the highest common factor of 952 and 25762667.
119
Calculate the greatest common factor of 217929 and 30.
3
What is the greatest common divisor of 4960373 and 451?
11
Calculate the highest common factor of 2106 and 490044087.
1053
What is the greatest common divisor of 57980 and 11960?
260
What is the highest common factor of 1082196 and 8464?
92
Calculate the greatest common factor of 136 and 16234032.
8
Calculate the greatest common divisor of 730 and 133827615.
365
Calculate the highest common factor of 34840 and 633272.
8
What is the greatest common divisor of 49699145 and 6819?
2273
What is the greatest common factor of 163328 and 1542464?
704
What is the highest common divisor of 682596 and 60?
12
Calculate the highest common factor of 22664 and 24456.
8
Calculate the greatest common factor of 234 and 502879702.
26
Calculate the greatest common divisor of 317232 and 42336.
144
What is the greatest common factor of 13312620 and 100?
20
What is the highest common factor of 35656135 and 224405?
6065
Calculate the greatest common divisor of 1129 and 4676318.
1129
What is the highest common divisor of 90 and 25846350?
30
What is the highest common factor of 26369 and 581?
7
What is the highest common factor of 4706 and 6893566?
362
What is the highest common factor of 11715632 and 555376?
1648
What is the highest common divisor of 42024 and 35088?
408
Calculate the highest common factor of 454479 and 15957.
591
Calculate the highest common divisor of 354496305 and 316.
79
Calculate the highest common divisor of 27693 and 15283.
17
Calculate the greatest common factor of 2539936 and 6272.
224
What is the highest common factor of 11131755 and 45?
15
What is the highest common divisor of 82720 and 8162396?
2068
What is the highest common factor of 35 and 32555915?
35
What is the highest common factor of 7 and 11929127?
7
Calculate the greatest common divisor of 39 and 32967675.
39
What is the greatest common divisor of 2288 and 46349160?
1144
What is the greatest common divisor of 716544 and 4736?
128
Calculate the highest common factor of 1036482 and 2552394.
4566
Calculate the greatest common divisor of 12020 and 39275951.
601
What is the highest common divisor of 10892763 and 179487?
2331
Calculate the highest common factor of 132 and 3224064.
12
What is the greatest common divisor of 168580341 and 72?
9
Calculate the greatest common divisor of 3 and 24078852.
3
Calculate the greatest common factor of 26940 and 160065.
15
Calculate the greatest common factor of 384 and 28973472.
96
What is the greatest common divisor of 161118580 and 630?
70
Calculate the highest common divisor of 93449038 and 227389.
7841
Calculate the highest common factor of 118332 and 21204.
684
What is the greatest common divisor of 6125 and 80951675?
1225
Calculate the greatest common divisor of 36270614 and 23466.
7822
What is the highest common divisor of 16496293 and 3?
1
What is the greatest common divisor of 6543678 and 6?
6
What is the highest common divisor of 34069621 and 16505?
3301
Calculate the greatest common divisor of 22991292 and 8721.
171
What is the greatest common factor of 2892 and 1590276?
12
What is the greatest common divisor of 765 and 323338555?
85
What is the greatest common factor of 213299 and 69241?
17
What is the highest common divisor of 36430 and 40190?
10
What is the greatest common divisor of 147297 and 40552?
37
Calculate the greatest common factor of 19185369 and 231.
21
What is the highest common factor of 24810 and 2681970?
30
Calculate the highest common divisor of 169050 and 27853.
161
Calculate the greatest common divisor of 24720 and 19592.
8
What is the highest common factor of 375156444 and 29328?
7332
Calculate the highest common divisor of 533539296 and 30848.
7712
What is the highest common divisor of 1349864 and 248?
248
What is the greatest common factor of 14412 and 786?
6
Calculate the greatest common factor of 11305 and 23317.
7
What is the greatest common factor of 32 and 124885348?
4
Calculate the greatest common factor of 11220 and 2461770.
510
What is the highest common divisor of 16210707 and 34?
17
What is the greatest common factor of 44950 and 660475?
725
Calculate the highest common factor of 226716 and 3108.
84
Calculate the highest common factor of 68484580 and 1085.
155
What is the highest common factor of 493 and 3053506?
17
Calculate the greatest common divisor of 938313640 and 440.
440
What is the highest common factor of 85828 and 727732?
172
Calculate the highest common divisor of 3651 and 45728775.
3651
What is the greatest common divisor of 13914499 and 151?
151
What is the highest common divisor of 6647968 and 1664?
32
Calculate the greatest common factor of 483 and 7671328.
161
Calculate the greatest common divisor of 382 and 9332.
2
Calculate the greatest common divisor of 1441134 and 8.
2
Calculate the highest common factor of 16 and 2124739.
1
What is the highest common divisor of 600662 and 346?
2
Calculate the highest common divisor of 9590522 and 4.
2
Calculate the greatest common divisor of 1158 and 1080210.
6
What is the highest common factor of 61954479 and 3312?
207
Calculate the greatest common factor of 24 and 1713207.
3
Calculate the highest common factor of 6633876 and 1581.
1581
What is the highest common factor of 7696099 and 111504?
2323
Calculate the highest common divisor of 477076 and 82.
82
Calculate the greatest common factor of 17518460 and 300.
20
Calculate the highest common factor of 227483 and 4251.
109
What is the highest common factor of 1475004 and 32724?
1212
Calculate the highest common factor of 6292 and 392678